 - 5*b + 24. Let z(x) = -22*x**3 + x**2 - 6*x - 17. List the prime factors of z(b).
2, 151
Suppose -3*k - m = -4197, -9*k + 13*k - 2*m - 5586 = 0. List the prime factors of k.
2, 3, 233
Let l(m) = -13*m + 11. Suppose 25*c - 7 = 26*c. Let y be l(c). Suppose -2*r + 66 = -y. List the prime factors of r.
2, 3, 7
Suppose 2*z + g - 118 = 4, -5*z + 279 = -4*g. Let n be 3*((-980)/(-42) + -10). Let c = z - n. List the prime factors of c.
19
Let h = 99 + -97. Suppose 8*b = 3*m + 11*b - 2169, m = -h*b + 720. Suppose 5*w = 2*w + m. List the prime factors of w.
2, 11
Let m be 3*((-336)/(-18) + -4). List the prime factors of 4/(-22) + 25044/m.
569
Suppose 10*u = 16 + 24. Suppose u*w - 7*w = 4*t - 1858, -4*t - 614 = -w. List the prime factors of w.
2, 3, 103
Let r be -127 - ((4 - 6) + -1). Let f be r - 15/(-20)*(-6 + 2). List the prime factors of (f/3)/(1/(0 - 3)).
127
Let x = 418 + -295. Suppose 0*l = l + 60. Let q = l + x. What are the prime factors of q?
3, 7
Suppose -2*m = 4*i - 28032, -m - 5*i + 2*i = -14016. What are the prime factors of m?
2, 3, 73
What are the prime factors of (-11630)/45*3*-9 + -8?
2, 5, 17, 41
Suppose 40 = -5*u + 70. Suppose -u*n + 0 + 0 = 0. Suppose n = -4*o - 8*o + 1800. List the prime factors of o.
2, 3, 5
Let n = -3657 + 5395. Suppose -3*l - n = -5*t, -3*t + 6*l = 11*l - 1070. List the prime factors of t.
2, 5, 7
Let q(j) = -60*j**3 - 16*j**2 - 41*j - 72. List the prime factors of q(-10).
2, 43, 683
Let r(h) be the third derivative of -h**6/120 + 11*h**5/60 + 13*h**4/24 - 4*h**3/3 - 2*h**2 + 49. What are the prime factors of r(-6)?
2, 263
Let f(l) = 59*l**2 - 2*l + 30759. What are the prime factors of f(0)?
3, 10253
Suppose -v - 2465 = -3*g, -4*g - v = -6*g + 1641. What are the prime factors of g?
2, 103
Let y = 9426 - 3499. List the prime factors of y.
5927
Suppose 3*t - m + 55 = 0, -91 = t + 4*t - m. Let q be (2 + t - -6)*2/(-4). Suppose g = q*a + 5*g - 580, -3*a - 5*g = -335. List the prime factors of a.
2, 3, 5
Suppose 123*x = 65*x + 70*x - 4116. List the prime factors of x.
7
Suppose -41734 = -12*f - 10*f + 2266. What are the prime factors of f?
2, 5
Let w(q) = -28 + 19*q - q**3 + 21*q - 51*q - q**2. What are the prime factors of w(-3)?
23
List the prime factors of -5 + 5 + (-195111)/(-7) + 5.
2, 53, 263
Let a = -553 - -3284. List the prime factors of a.
2731
Let y(t) = 3*t**2 + 7*t - 3. Let p be y(5). Let x(q) = 13*q**3 - 3*q**2 - 9*q - 5. Let m be x(-2). Let g = m + p. List the prime factors of g.
2
Let m = -274 - -275. Let b be 12/8 + (-3)/2. List the prime factors of (b/5 - m)/(2/(-332)).
2, 83
Let n = 150926 - 73923. What are the prime factors of n?
77003
List the prime factors of -22*(-45)/60*(0 + (-4578)/(-9)).
7, 11, 109
Suppose 5*i - 9 = -3*h, 5*h - 6 = -5*i + 9. Suppose -2*m + h*m = 7. Suppose -12 = -3*z + m*z, 4*b = 4*z + 120. What are the prime factors of b?
3
Let a(l) = 696*l**2 - 48*l - 25. What are the prime factors of a(-3)?
13, 491
Let u(a) = 36*a**2 + 14*a. Suppose -5*b + 3*v = -24, 3*b + 2*b - 6 = -3*v. List the prime factors of u(b).
2, 3, 61
Suppose -27*u + 1254740 = 182*u + 6*u. What are the prime factors of u?
2, 1459
Suppose 11*y = 120*y - 8349836. List the prime factors of y.
2, 11, 1741
Let p = 794 - 786. Let m(t) be the third derivative of t**5/30 + t**4/24 + 13*t**3/3 + 2*t**2. List the prime factors of m(p).
2, 3
Suppose -2 = -6*f + 5*f. Suppose 5*b = -f*s + 4*s + 6, 2*s + 6 = -2*b. Let k(y) = 2*y + 117. List the prime factors of k(b).
3, 13
Let f = 11952 + 3558. List the prime factors of f.
2, 3, 5, 11, 47
Let m = -204 + 216. Suppose 0 = -m*y + y + 6490. What are the prime factors of y?
2, 5, 59
Let y be (1 - 1)/(9 - 10). Let q = -60 + 98. Suppose p - m = q + 149, -p + 4*m + 187 = y. List the prime factors of p.
11, 17
Suppose 2*a = 5*i + 63360, i + 33054 = 2*a - 30314. List the prime factors of a.
5, 6337
Let t = 31992 + -21032. What are the prime factors of t?
2, 5, 137
Suppose -55 = -3*p - 8*p. Suppose 0 = -0*o + 4*o + 3*q - 23, -p*o = 2*q - 20. Suppose -5*g + o*v = -344, 3*v = -4*g + 144 + 122. List the prime factors of g.
2, 17
Suppose -6 = 22*c - 28*c. List the prime factors of (7/(-42))/(c/2)*-855.
3, 5, 19
Let i = -437 - -488. Let q = 51 + i. What are the prime factors of q?
2, 3, 17
Suppose 131 = 2*q + 5*g + 108, -3 = -g. Suppose 15 = 4*i - 1. List the prime factors of 153 - (-2 - q/i).
2, 3, 13
Suppose -7*z - 3*z + 70 = 0. Let g(k) = -k + 2*k + 32*k**2 + 2 - 9*k**2 + z*k**2. List the prime factors of g(-1).
31
Let z(u) = 8026*u + 986. What are the prime factors of z(3)?
2, 13, 241
Suppose -2*h + 260568 = 61*h. List the prime factors of h.
2, 11, 47
Let r = 32 + -29. Let u be (12 + 3)/(r/27). What are the prime factors of u - (4 + (-21)/3)?
2, 3, 23
Suppose -7505 = -2*n + 5*p, 2*n = 5*n + 3*p - 11268. List the prime factors of n.
5, 751
Let a = 35 + -17. Let k = a + 94. Suppose 2*q = -0*u + 5*u + 112, 2*q = 4*u + k. List the prime factors of q.
2, 7
Let t = -11423 + 17451. List the prime factors of t.
2, 11, 137
Let g = -4208 - -5851. List the prime factors of g.
31, 53
Let o(w) = 157*w**2 - 8*w - 2*w + 10*w**2 - 11 - 9. List the prime factors of o(-2).
2, 167
Let i = 146 + -84. Let n = i + 84. List the prime factors of n.
2, 73
Suppose 2*w - 3*w = 0. Let j = -140 - -145. Suppose -3*f - m + w*m = -359, 0 = -3*f + j*m + 365. List the prime factors of f.
2, 3, 5
Let w(a) be the first derivative of -a**4/8 + a**3/3 - 21*a**2/2 + 18. Let n(d) be the second derivative of w(d). List the prime factors of n(-4).
2, 7
Suppose -80*v + 2505537 = 371221 - 155044. What are the prime factors of v?
3, 9539
Let w be 1 - (2*738)/(-9). Suppose -w - 110 = -25*u. List the prime factors of u.
11
List the prime factors of ((-2840)/16 - -16)*(2 - 200) - -3.
2, 3, 5, 13, 41
Let t = -434 + 438. Suppose -118*z + 116*z + 1148 = 2*n, 2*n - 2292 = -t*z. What are the prime factors of z?
2, 11, 13
Suppose -5*o + 5*s + 32486 - 9496 = 0, 3*o + 4*s - 13759 = 0. Suppose -o = -60*k + 45867. What are the prime factors of k?
29
Suppose 4*f - 9 = -4*u + 3*f, -4*f = 2*u + 6. Let b(g) = 2*g**3 + g**2 - g + 5. What are the prime factors of b(u)?
5, 13
Let l be 4*(-3 + 3 + 2). Let g be ((-25)/(-10))/(4/l). Suppose 114 = g*t - 876. What are the prime factors of t?
2, 3, 11
Suppose 16 = 4*w - 0*w - 5*q, -4*q + 20 = 5*w. Suppose 1116 = 2*s - 2*o, 0 = 4*s + 3*o - w*o - 2244. What are the prime factors of s?
2, 281
Let y be (5 + 0)*3/3. Let u(n) = -6*n**2 - 153 - 130 + 2*n**3 - 6*n + 294. List the prime factors of u(y).
3
Let n(d) be the second derivative of 11*d**4/6 - d**3/3 - d**2/2 - 3*d. Let t be n(-1). Let h = 25 + t. List the prime factors of h.
2, 3
Suppose 16*u - 578 = 6702. Suppose -5*b - 2175 = u. List the prime factors of b/(-10) - 4*4/(-40).
53
Suppose 40 = 11*k - 15. Suppose -k*l - 3672 = -17*l. What are the prime factors of l?
2, 3, 17
Suppose -2*r - 33854 = -p, -169263 = 9*p - 14*p + 3*r. List the prime factors of p.
2, 3, 7, 13, 31
Let y(a) = 2*a**2 + 73*a + 8. Let b(d) = d**3 + 24*d**2 + 62*d - 58. Let x be b(-21). List the prime factors of y(x).
3, 5
Let s(n) = 76*n + 16 - 3*n - 17*n. Let r be s(6). Suppose 2*t = 2*w + 2*w - r, 0 = -5*w + 3*t + 441. List the prime factors of w.
3, 29
Suppose 285*m - 4 = 283*m, 5*m - 37572 = -r. List the prime factors of r.
2, 7, 2683
Suppose -798*n + 800*n - 5974 = 0. What are the prime factors of n?
29, 103
Suppose 12*c - 8*c - 8 = 0. Suppose 2*r = q + 1018, -c - 2 = -2*q. List the prime factors of r.
2, 3, 5, 17
Let a = 19 - 31. Let m = 4 - a. Suppose -42 = -2*t - 0*t - d, -4*d = -m. List the prime factors of t.
19
Let v be (1 - -2)*(-36)/(-27). Let s be (5/(-2) - v/(-2))*-8. Suppose -2*i = -s*i + 158. List the prime factors of i.
79
Let m be 4 - 3 - (0 - (2 + -2)). Suppose x = 5*f - 7726, m + 3 = -4*x. List the prime factors of f.
3, 5, 103
Let v = 772 - 723. Suppose -40*r - 16641 = -v*r. What are the prime factors of r?
43
Let n(d) = -37*d + 22*d**2 + 2 - 19*d**2 - 2. List the prime factors of n(13).
2, 13
Let c(l) = l**2 - 5*l + 1176. List the prime factors of c(50).
2, 3, 571
Suppose -4*i + 8 = 2*w, w = -i + 6*i - 17. Suppose i*m = -15, 3*q = -0*m + 5*m - 59. List the prime factors of q/70 - (-1227)/5.
5, 7
Let f be 324 + (-4 - 2*-4). Let q = 491 - f. Let o = -78 + q. 